ist the prime factors of m(8).
3
Let j(y) = 175*y - 3. Let d be j(-1). Let c = -95 - d. What are the prime factors of c?
83
Let j(d) = -d**3 + 23*d**2 + 43*d - 48. What are the prime factors of j(24)?
2, 3, 17
Suppose -3*p = 4*b + 4, -2*b - 3 + 1 = 5*p. Suppose 21*k - 26*k + 1270 = p. Suppose -2 - k = -4*m. List the prime factors of m.
2
Let x = 3347 + -1573. List the prime factors of x.
2, 887
Suppose -3*n + 2*t + 16 = 0, 3*t = -n + 15 + 5. Let s be (n/(-5))/(1/(-5)). Let y = 22 - s. List the prime factors of y.
2, 7
Suppose -f + 0*f + 130 = 4*c, 3*f - 376 = -5*c. Suppose 3*j + 351 = 3*l, 121 = 2*l + j - f. What are the prime factors of l?
2, 3, 5
Let h be (54/(-9))/(4/6). Let x(l) = 10*l - 6*l - 10*l - 16 - 3. What are the prime factors of x(h)?
5, 7
Suppose 0 = 47*d - 59*d + 4536. What are the prime factors of d?
2, 3, 7
Let i = 26 - 26. Suppose i = -9*r + r + 1048. Let l = r - 84. List the prime factors of l.
47
Let p(g) = -g**3 + 3*g**2 + 2*g - 1. Let k be p(4). Suppose 4*m - 16 = 0, -92 = 4*y - m + 128. Let x = k - y. List the prime factors of x.
3, 5
Let p(f) = 32*f - 2. Suppose -5*z + 9 = -6. Let t be p(z). Suppose -t - 17 = -5*x - 4*y, x - 2*y = 11. List the prime factors of x.
19
Let d = 742 + -326. What are the prime factors of d?
2, 13
Suppose 5*p + 5 = -v + 2*p, 5*v + 5*p + 15 = 0. Let o(g) = -4*g**3 + g**2 - 1. List the prime factors of o(v).
5, 7
Suppose 6*n - 14 = 4*n. Suppose -75 = n*d - 10*d. List the prime factors of d.
5
Let f = 5 + -36. Let g = 95 + f. What are the prime factors of g?
2
Let z = 20 + -2. Let o = -116 - -118. Suppose z - 76 = -o*r. List the prime factors of r.
29
Let s = 1335 + 24. What are the prime factors of s?
3, 151
Let s(a) = a**2 + 15*a + 14. Let x be s(-13). Let t = x - -15. Suppose t*q = 7*q - 48. List the prime factors of q.
2, 3
Let l(x) = -x**3 + 6*x**2 + 6*x + 10. Let c be l(7). Let s(n) = 12*n**3 - 5*n**2 + 5*n - 4. List the prime factors of s(c).
2, 5, 29
Let l(o) = -o + 9. Let a be 8/2 - 2*6. Let v be l(a). Suppose 2*g + 5*r - 36 + 2 = 0, -g + v = 3*r. List the prime factors of g.
17
Let p = -1434 + 1919. What are the prime factors of p?
5, 97
Let w = 853 - -155. List the prime factors of w.
2, 3, 7
Suppose 621 = 5*u - 484. Suppose 0 = 2*a + 29 - u. What are the prime factors of a?
2, 3
Suppose 18440 - 5480 = 10*g. What are the prime factors of g?
2, 3
Let m = 137 + -35. Suppose -134 = n - 4*w, -325 = 2*n + w - m. What are the prime factors of -1 + 4/(-8)*n?
2, 7
Suppose -4*u - 4*p + 8*p + 648 = 0, 0 = -p + 1. List the prime factors of u.
163
Let w(y) = y**3 + 2*y - 1. Let h be w(2). Let g(q) = q**2 - 8*q - 19. List the prime factors of g(h).
2, 7
Suppose h = -4*n + 30, -3*h + 0*h - 22 = -2*n. Let v(b) = 3*b**2 - 4*b - 4. What are the prime factors of v(n)?
2, 3, 13
Let h be -21*(1 - (-12)/(-9)). Suppose 5*b + 2*k - 399 = 0, -3*k + h*k = 3*b - 255. List the prime factors of b.
3
Suppose 0 = 12*v - 43005 + 13197. List the prime factors of v.
2, 3, 23
Let t(k) = -k + 16. Let w be t(16). Let g be 4 + -1 - (w + -3). Suppose 4*j - g = 6. List the prime factors of j.
3
Let u be -6 + 8 + 1/((-1)/(-144)). Suppose 52 = 2*v - u. List the prime factors of v.
3, 11
Let v = 79 + 46. List the prime factors of v.
5
Let b(f) = -106*f**3 - 2*f**2 + 3*f + 4. List the prime factors of b(-2).
2, 419
Let j(p) = 7*p**2 + 14*p - 24. What are the prime factors of j(-11)?
3, 223
Let i = 23 - 29. Let k(c) = c**3 + 8*c**2 + 6*c - 5. Let y be k(i). Let o = y + -18. What are the prime factors of o?
13
Let i be (-10)/(-25)*15 + -1. Suppose -a = -5*t + 183, -4*a + 119 = 3*t - 0*a. Suppose t = i*d - 38. List the prime factors of d.
3, 5
Let k(v) = v**3 - v**2 - v + 3. Let h be k(0). Let b be 29/h - (-22)/(-33). Let j = 55 - b. What are the prime factors of j?
2, 23
Let k = 12 + -10. Let r = k + 0. Suppose -u + 63 = r*u. List the prime factors of u.
3, 7
Suppose 5*l = 2 + 18. Suppose -l*w = w + 10, -5*d - 2*w = -186. What are the prime factors of d?
2, 19
Suppose 3*z + 1396 = 2*n, -843 + 2939 = 3*n - 5*z. What are the prime factors of n?
2, 173
List the prime factors of (10 - (-1 + 7))*590.
2, 5, 59
Suppose 330 = 5*k + 3*n, -4*k - 2*n + 100 + 162 = 0. Suppose 0 = k*w - 66*w + 480. List the prime factors of w.
2, 5
Suppose -g = 3*n - 1711, -3*g + 3*n + 3731 + 1450 = 0. List the prime factors of g.
1723
Let g(m) = -m**3 + 2*m**2 - 2*m + 3872. What are the prime factors of g(0)?
2, 11
Suppose b + a - 1154 = 0, 7*b - 6*b = 4*a + 1144. List the prime factors of b.
2, 3
Let j(u) be the first derivative of -9*u**2/2 - 16*u + 3. Let a = -137 - -128. List the prime factors of j(a).
5, 13
Let q = 81 - 79. List the prime factors of (228/32)/((-3)/(-12))*q.
3, 19
Let q be 337*((-10)/5 - -4). Suppose 5*l + q = 3*j + j, l = 2*j - 340. What are the prime factors of j?
3, 19
Let j = -705 - -849. List the prime factors of j.
2, 3
Suppose 0 = 2*t - 0 + 4. Let h(u) = -u**2 - 2*u + 1. Let b be h(t). List the prime factors of 11/b + (-8)/(-4).
13
Let v = 726 + -309. What are the prime factors of v?
3, 139
Let q = 102 - 67. Let u = 64 - q. What are the prime factors of u?
29
Let k(p) = -p**3 + 5*p**2 - p + 5. Let d be k(5). Suppose -6*c + d*c = -18. Suppose -c*h = -72 - 102. List the prime factors of h.
2, 29
Let y(r) = -2*r**3 + 10*r**2 + 6*r - 7. Let i be y(6). Suppose -5*a - 325 = 5*k, -3*a = -k - 7*a - 62. Let m = i - k. List the prime factors of m.
23
List the prime factors of (-27)/1*3*(-6 + 4).
2, 3
Suppose -1217 = -13*n + 1045. Suppose 0 = 13*v - 450 - n. List the prime factors of v.
2, 3
Let h = 328 - 131. List the prime factors of h.
197
Let y(q) = -q + 10. Let w(v) = 9. Let u(a) = -5*w(a) + 4*y(a). List the prime factors of u(-7).
23
What are the prime factors of 5/(40/46656) - (1 - -3)?
2, 31, 47
Let z be (-24)/16*(-420)/9. Suppose -6*i + 7*i - z = 0. What are the prime factors of i?
2, 5, 7
Suppose -2095 = -7*x + 2826. What are the prime factors of x?
19, 37
Suppose l + 2*a - 907 = 0, a = -3*l - a + 2741. List the prime factors of l.
7, 131
What are the prime factors of 34/51*(-2)/4*-4941?
3, 61
Suppose 3*y + 3*s - 450 = s, -s - 459 = -3*y. Let b = 19 + -7. Suppose 4*l + 3*h - y = 0, -l + h + b = -19. What are the prime factors of l?
5, 7
Suppose 0 = 10*x - 1978 - 5422. List the prime factors of x.
2, 5, 37
Let d(f) = 2*f**2 + 7*f - 21. Let n be d(-9). Let i(v) = 49*v**2 + 1. Let g be i(-1). Let x = n - g. List the prime factors of x.
2, 7
What are the prime factors of 6782794/1086 + (2/(-3))/(-2)?
2, 3, 347
Let g(n) be the third derivative of n**5/60 + 34*n**3/3 - 7*n**2. List the prime factors of g(0).
2, 17
Suppose 3*k = 2*f + 19, 0 = -5*f - 2 - 23. Suppose -21 - 45 = -k*n + 3*s, -2*s - 92 = -4*n. What are the prime factors of n?
2, 3
Let c(j) = -13*j. Let r(i) = -i**3 + 9*i**2 - i + 1. Let l be r(9). Let u(b) = b + 6. Let o be u(l). What are the prime factors of c(o)?
2, 13
Suppose -10*n + 7785 = 5*n. List the prime factors of n.
3, 173
Let z = 5 - 1. Suppose 0 = 3*f, 2*f - 6*f = -d - z. Let p(v) = -v**3 - 2*v**2 + 6*v + 1. What are the prime factors of p(d)?
3
Let o = 105 + -107. List the prime factors of 20 - o/(-2 + (-5)/(-2)).
2, 3
Let k be ((-2)/(-2))/(1/14). Suppose 5*g = 2*g + y + k, -4*g + 23 = 3*y. Suppose x - 3*a = 12, -78 = -5*x + 2*a - g*a. What are the prime factors of x?
3, 5
Suppose 0 = 4*f + l - 11, -7 = 2*l + 3. Suppose 0*b + f*b = -3*t + 355, -4*t + 476 = 4*b. What are the prime factors of t?
11
Suppose 0 = 3*n + 16 + 11. Let v = n + 6. List the prime factors of 0/v - (-4)/2.
2
Let h = 4995 - 3125. What are the prime factors of h/14 - 1 - (-12)/(-21)?
2, 3, 11
Let l(a) = -330*a + 14. List the prime factors of l(-1).
2, 43
Suppose 3*j = 0, 6*k - 2*k - j = 20. Suppose 0 = k*x + 5*f - 200, -5*x - 3*f = -0*x - 192. What are the prime factors of x?
2, 3
Suppose 6 = 2*p + p. Let q be (39 - 1) + (p - -1). Suppose -2*s + s = 4*l - 40, 0 = -5*l + s + q. List the prime factors of l.
3
Let f(i) be the first derivative of -i**3/3 - 9*i**2 - 6*i - 19. List the prime factors of f(-11).
71
Let w = 34 + -18. Suppose 0 = -2*y - 6, -2*y + w = 2*o - 6*y. List the prime factors of o.
2
Let q(u) = u**3 + 3*u**2 - 2*u + 1. Let o be q(-4). Let v(z) = -z**3 - 7*z**2 - 10. Let a be v(o). Let r = 16 + a. What are the prime factors o